 is the ten thousands digit of 6918751?
1
What is the units digit of 13285887?
7
What is the thousands digit of 1072723?
2
What is the hundred thousands digit of 112017?
1
What is the thousands digit of 358947?
8
What is the thousands digit of 11022544?
2
What is the hundred thousands digit of 249969?
2
What is the tens digit of 22253291?
9
What is the thousands digit of 29093785?
3
What is the ten thousands digit of 439550?
3
What is the millions digit of 22490350?
2
What is the hundreds digit of 4548576?
5
What is the ten thousands digit of 118170?
1
What is the units digit of 991947?
7
What is the millions digit of 11332580?
1
What is the tens digit of 7881?
8
What is the tens digit of 7863622?
2
What is the millions digit of 2844653?
2
What is the hundred thousands digit of 8507435?
5
What is the units digit of 797170?
0
What is the tens digit of 2581942?
4
What is the units digit of 256519?
9
What is the tens digit of 380942?
4
What is the hundred thousands digit of 694987?
6
What is the ten thousands digit of 790578?
9
What is the ten thousands digit of 121038?
2
What is the hundred thousands digit of 1369124?
3
What is the ten thousands digit of 13214?
1
What is the tens digit of 5415701?
0
What is the hundreds digit of 2038385?
3
What is the tens digit of 111635?
3
What is the hundred thousands digit of 7478952?
4
What is the tens digit of 3263882?
8
What is the thousands digit of 3613114?
3
What is the ten thousands digit of 7734572?
3
What is the tens digit of 511490?
9
What is the thousands digit of 4449016?
9
What is the tens digit of 26554523?
2
What is the units digit of 2992892?
2
What is the thousands digit of 404942?
4
What is the ten thousands digit of 129855?
2
What is the hundred thousands digit of 4975338?
9
What is the tens digit of 627803?
0
What is the millions digit of 28083163?
8
What is the units digit of 326103?
3
What is the hundreds digit of 298274?
2
What is the millions digit of 1282583?
1
What is the tens digit of 799597?
9
What is the ten thousands digit of 354804?
5
What is the millions digit of 9500545?
9
What is the units digit of 424624?
4
What is the ten thousands digit of 22184054?
8
What is the hundreds digit of 49590?
5
What is the units digit of 246687?
7
What is the units digit of 806792?
2
What is the hundreds digit of 4143091?
0
What is the hundred thousands digit of 339634?
3
What is the ten thousands digit of 240932?
4
What is the units digit of 497908?
8
What is the ten thousands digit of 20750860?
5
What is the units digit of 594763?
3
What is the tens digit of 830307?
0
What is the units digit of 9792626?
6
What is the millions digit of 1239349?
1
What is the units digit of 2819540?
0
What is the millions digit of 28776531?
8
What is the thousands digit of 390126?
0
What is the millions digit of 5870093?
5
What is the tens digit of 3065653?
5
What is the thousands digit of 1099435?
9
What is the hundreds digit of 1320938?
9
What is the tens digit of 118535?
3
What is the ten thousands digit of 401723?
0
What is the units digit of 9119195?
5
What is the units digit of 357214?
4
What is the millions digit of 1895882?
1
What is the ten thousands digit of 7877631?
7
What is the hundred thousands digit of 26709399?
7
What is the thousands digit of 74559?
4
What is the ten thousands digit of 195258?
9
What is the ten thousands digit of 681974?
8
What is the ten thousands digit of 23886811?
8
What is the units digit of 375044?
4
What is the hundreds digit of 1190320?
3
What is the units digit of 229597?
7
What is the tens digit of 351889?
8
What is the hundreds digit of 1532867?
8
What is the ten thousands digit of 391401?
9
What is the hundreds digit of 777030?
0
What is the thousands digit of 5417233?
7
What is the hundreds digit of 1031504?
5
What is the millions digit of 2820736?
2
What is the units digit of 985600?
0
What is the units digit of 4938223?
3
What is the thousands digit of 1542904?
2
What is the thousands digit of 734561?
4
What is the tens digit of 1230267?
6
What is the tens digit of 459709?
0
What is the hundred thousands digit of 4554356?
5
What is the hundreds digit of 102745?
7
What is the hundreds digit of 875663?
6
What is the hundreds digit of 888293?
2
What is the units digit of 1826683?
3
What is the hundred thousands digit of 1478244?
4
What is the thousands digit of 514524?
4
What is the hundred thousands digit of 28175491?
1
What is the hundred thousands digit of 713950?
7
What is the ten thousands digit of 16768633?
6
What is the units digit of 8301321?
1
What is the ten thousands digit of 73592?
7
What is the hundreds digit of 298557?
5
What is the hundreds digit of 73971?
9
What is the units digit of 142844?
4
What is the hundred thousands digit of 103168?
1
What is the units digit of 1743124?
4
What is the thousands digit of 54325?
4
What is the hundred thousands digit of 1974175?
9
What is the ten thousands digit of 382861?
8
What is the tens digit of 635629?
2
What is the hundreds digit of 180778?
7
What is the hundreds digit of 150702?
7
What is the units digit of 613298?
8
What is the units digit of 9862701?
1
What is the thousands digit of 1772886?
2
What is the thousands digit of 13023?
3
What is the thousands digit of 2058873?
8
What is the tens digit of 355480?
8
What is the thousands digit of 20831219?
1
What is the tens digit of 4991799?
9
What is the thousands digit of 4307044?
7
What is the thousands digit of 296760?
6
What is the thousands digit of 792671?
2
What is the ten thousands digit of 144923?
4
What is the units digit of 2227404?
4
What is the ten thousands digit of 160200?
6
What is the hundreds digit of 270863?
8
What is the ten thousands digit of 436374?
3
What is the millions digit of 1193183?
1
What is the tens digit of 1008280?
8
What is the millions digit of 1709222?
1
What is the tens digit of 126757?
5
What is the hundreds digit of 401621?
6
What is the ten millions digit of 24665884?
2
What is the hundred thousands digit of 750257?
7
What is the tens digit of 86969?
6
What is the hundreds digit of 175330?
3
What is the hundreds digit of 393867?
8
What is the millions digit of 1595891?
1
What is the units digit of 57352?
2
What is the hundreds digit of 22194461?
4
What is the millions digit of 5648518?
5
What is the hundred thousands digit of 4979115?
9
What is the ten thousands digit of 166067?
6
What is the hundred thousands digit of 1201258?
2
What is the tens digit of 9468632?
3
What is the thousands digit of 6628157?
8
What is the hundred thousands digit of 1519272?
5
What is the hundred thousands digit of 262000?
2
What is the millions digit of 1076333?
1
What is the ten thousands digit of 9376718?
7
What is the units digit of 72536?
6
What is the tens digit of 4389193?
9
What is the hundred thousands digit of 120443?
1
What is the ten thousands digit of 6733122?
3
What is the thousands digit of 214734?
4
What is the units digit of 337491?
1
What is the tens digit of 375734?
3
What is the ten thousands digit of 13949342?
4
What is the thousands digit of 316174?
6
What is the hundred thousands digit of 215818?
2
What is the hundreds digit of 1017487?
4
What is the hundred thousands digit of 438350?
4
What is the ten thousands digit of 277676?
7
What is the hundreds digit of 20510927?
9
What is the hundred thousands digit of 22481850?
4
What is the millions digit of 10160403?
0
What is the thousands digit of 28074063?
4
What is the millions digit of 6301238?
6
What is the hundreds digit of 15587892?
8
What is the thousands digit of 742785?
2
What is the millions digit of 7378305?
7
What is the thousands digit of 3610823?
0
What is the hundreds digit of 8022515?
5
What is the units digit of 14522769?
9
What is the ten thousands digit of 17166706?
6
What is the hundreds digit of 1127983?
9
What is the hundreds digit of 3098019?
0
What is the hundreds digit of 954379?
3
What is the millions digit of 4213061?
4
What is the thousands digit of 232476?
2
What is the ten thousands digit of 27054476?
5
What is the units digit of 56288?
8
What is the millions digit of 4147887?
4
What is the ten thousands digit of 146087?
4
What is the units digit of 465032?
2
What is the units digit of 76389?
9
What is the hundreds digit of 304744?
7
Wha